 5*l + 5*u = 2*l + 61367, 4*l = -5*u + 81826. Suppose -23*r + l = -4542. Is r a composite number?
False
Suppose -8*q + 5*q = -2*r + 303, -2*r + q + 297 = 0. Let t = 820 - r. Is t prime?
True
Let j be (-6)/8 + ((-456)/(-96) - 4). Let q(w) = 1002*w**2 + w - 1. Let z be q(-2). Suppose j = 3*y - 5 - 7, -n - 4*y = -z. Is n a composite number?
False
Let i be (714/(-9))/(1/9). Let q = 1692 - i. Let l = -785 + q. Is l a prime number?
True
Let w(l) = 10*l**2 + l - 1. Let x be w(1). Suppose 2*u + 0*m - 7872 = 4*m, 5*m + 5 = 0. Suppose x*v = 15*v + 15, -2*h + u = 4*v. Is h composite?
False
Let p = 950 + -2858. Let v = 3253 + p. Is v a composite number?
True
Suppose -137*i + 50430189 = -84*i. Is i prime?
False
Suppose 5*z - w + 63 = -12, -5*w - 89 = 4*z. Let j(i) = -101*i - 135. Is j(z) prime?
True
Suppose 34*n + 383932 - 1676544 = 0. Is n a composite number?
True
Let t(b) = -3*b**3 - 3*b**2 + 4*b - 1. Let i be t(5). Let z = i + -3411. Is (-8)/(-12) - z/6 composite?
False
Let x(g) be the third derivative of -g**5/60 + g**4/12 - 2*g**3/3 + 23*g**2. Let q be x(4). Is (-15020)/(-6) + (q/9)/4 prime?
True
Let y be 2/(-5) - 492/(-30). Suppose 5*q - 7*q - y = -5*m, 0 = -m + q + 5. Is 893 + m/2 + (-40)/8 a composite number?
True
Let o(a) = 454*a - 10039. Is o(119) a prime number?
True
Let v(w) = 13*w - 5137. Let n be v(0). Let u = n + 10952. Is u composite?
True
Suppose -4*r + 17 = 3*z - 5, -5*z = 3*r - 22. Suppose -r*w + w = 0. Suppose w = 2*v + v - 573. Is v a prime number?
True
Suppose -10*u + 7*u - 21038 = -4*v, 4*u = v - 5266. Suppose 0 = -2*b + 4*f + 9454, 3*f = 3*b - 8914 - v. Is b a prime number?
True
Is -14 + (13 - 11) - -41827 a composite number?
True
Suppose -15 = -2*k + 65. Let g = k + -38. Is g - -974 - (-3)/6*2 a composite number?
False
Let m = 343777 - 215080. Is m prime?
False
Suppose -28*d = -11*d - 68. Suppose 5*p = 5*h + 30240, 5*p - d*p - 5*h = 6068. Is p composite?
False
Let h(l) = -l**2 - 9*l - 25. Let g be h(-15). Let m = g - -189. Is m a composite number?
True
Suppose -3*c - 13*c + 1845119 - 159375 = 0. Is c composite?
False
Let t(a) = 66550*a + 387. Is t(2) a prime number?
False
Let w be 755062/49 - (-4)/7. Suppose -25*d + 15*d + w = 0. Is d a prime number?
False
Let f(l) = 205*l - 12. Let n = 75 - 68. Is f(n) a prime number?
True
Suppose 0 = 4*g - 3*p - 57016, -186*g - 5*p + 42762 = -183*g. Is g a prime number?
False
Suppose -3*l + 5*y + 1 = -4, 2*l = -y - 14. Is (-2229)/((l - -9)*(-9)/12) composite?
False
Let n(i) = i**2 - 20*i - 36. Let f be n(22). Suppose -f*t + 12 = -5*t. Suppose 19661 = t*x + 3057. Is x a prime number?
False
Let g be (-2)/(-2)*(20 - 16). Suppose 3229 + 3087 = g*k. Is k a composite number?
False
Let w(x) = 2144*x - 44. Let s be w(-6). Let m be ((-9)/6)/(6/s). Suppose 0 = 9*n - 3487 - m. Is n prime?
False
Suppose 0 = -10*f + 4*f + 30. Suppose 14628 = f*h - 1187. Is h composite?
False
Suppose -4*c + 446641 = -b, -6*b + 446606 = -3*c + 7*c. Is c prime?
True
Suppose 4*s - 13758 = -2738. Suppose 18*d + s = 13*d. Let o = d - -2718. Is o prime?
False
Suppose 28 = 3*u + 16. Suppose 7*y = 8*y - 4, -u*o + 2*y = -7356. Is o prime?
False
Let o(y) = 1169*y - 1012. Let i(a) = -292*a + 253. Let c(p) = -9*i(p) - 2*o(p). Is c(19) a composite number?
True
Suppose -2*g + 4*g = -54. Let j be g/(-12) - 4/16. Suppose -1768 = -4*v - m, -3*v - m = j*v - 2211. Is v prime?
True
Suppose 0 = -k + 9*k - 16. Let u = k + 29. Let c = 34 - u. Is c a prime number?
True
Let o be 93*12 - (1 + -3). Suppose 3*u - 2378 = -z, u + z + 328 = o. Is u a composite number?
True
Is (-6)/(-2) + 208012 + 0 + (-5 - -9) composite?
True
Let m = 2830 + 9501. Suppose v - 12*v = -m. Is v a composite number?
True
Let u(m) = 300*m + 1. Let r(d) = -899*d - 2. Let p be 7 + -12 + (1 - 2)*-1. Let y(n) = p*r(n) - 11*u(n). Is y(4) a prime number?
True
Let k(f) = f**3 - f**2 + f. Let o(b) = -4*b**2 + 18*b - 3. Let g(a) = -k(a) + o(a). Let l be g(-6). Suppose -l*r = -6*p + p - 260, 5 = -5*p. Is r prime?
False
Suppose 0 = -5*r + 3*r - 2*y - 4, 0 = -r + 5*y + 22. Suppose -4*t + 5*t = 2*z - 10, r*t = 0. Suppose 4*o + 0*g - 783 = -z*g, o + 4*g = 182. Is o prime?
False
Suppose 0 = -5*j + 35 + 5. Suppose j + 0 = 4*p. Let f(m) = 4*m**3 + m**2 - m - 3. Is f(p) prime?
True
Let i(s) = 4*s**3 - 2*s - 1. Let l be i(2). Let q be 2 + l*(-204)/(-1). Let u = q + -3709. Is u a composite number?
False
Suppose -4*k + 0*k + 6120480 = 4*w, 4*k - 6120459 = -w. Is k composite?
True
Suppose -4*a + 1149559 - 536636 + 1246361 = 0. Is a composite?
True
Let p = 218 - 206. Suppose p*v = 11*v + 6731. Is v a prime number?
False
Is (-102)/(-459) - ((-3)/1 - (-1156154)/(-18)) a composite number?
True
Let v(n) = -n**3 + 9*n**2 - 11*n - 24. Let h be v(7). Is 14242/h*186/(-124) prime?
True
Let h(l) = l**2 - 12*l + 13. Let n be h(10). Let w be 122/8 + n/28. Is 13/3*w + -3 composite?
True
Is -6 - (-4 + 0 + 1 + -77890 + -10) composite?
True
Let r = -225267 - -381880. Is r composite?
True
Suppose 420676 = i - a, -6*i - 2*a - 420681 = -7*i. Is i a composite number?
False
Suppose 42*n = 43*n + 4020. Let w = n + 8837. Suppose w = 10*d - 8633. Is d prime?
False
Suppose -7601005 + 592906 = -21*i. Is i a prime number?
True
Let p(y) = 4*y + 3. Let l be p(-3). Let m = 13 + l. Suppose -w = -m*w + 381. Is w a prime number?
True
Let v(x) be the second derivative of -27*x**5/20 + 11*x**4/24 - 3*x**3/2 - 10*x. Let w(i) be the second derivative of v(i). Is w(-10) prime?
False
Let v = -80674 + 241823. Is v a composite number?
False
Suppose -q + 2*q - 25 = 5*s, -3*q = -2*s - 75. Suppose q*g + 1623 = 26*g. Is g prime?
False
Suppose 0 = 4*i + 10 - 50. Let l(k) = -3 + 67*k + 15*k - i. Is l(6) a prime number?
True
Let z(a) = 4*a + 17844. Let w be z(0). Suppose n - w = -3397. Is n prime?
True
Let t be (-20)/(-4)*1764/15. Let d = 749 + 1158. Let f = d - t. Is f a composite number?
False
Suppose 3*i = 3*l - 18, 4*l + 15 = 5*l - 4*i. Suppose 0 = -l*p + 5*o - 47 + 408, -119 = -p + 2*o. Is p composite?
False
Let f(q) = 8090*q - 349. Is f(9) prime?
True
Let x(w) = 46*w**2 - 3*w + 10. Let s be x(-3). Let u(f) = 10*f - 10*f - 6*f + s*f**2 - 4*f - 28. Is u(-3) composite?
True
Suppose -4*p + 5477 + 16759 = 0. Let w = -253 + 225. Is (-8)/w - p/(-21) a prime number?
False
Suppose -4 = 3*l + 2*t - 8, -5*t = 3*l - 1. Let n(o) = -6*o**3 - o + 9*o**l - 4*o + 7*o**3 + 11 - 2*o**3. Is n(6) composite?
False
Let b(z) be the second derivative of -13*z**3/3 - z**2/2 - 2*z. Let r(j) = j**3 - 5*j**2 - 6*j + 6. Let i be r(-2). Is b(i) a prime number?
False
Suppose -465160 = -2*b - 3*k, 18*k = 17*k - 4. Is b a prime number?
False
Let z(c) = 26*c + 49. Let q be z(-12). Let g = q + -191. Let l = 2323 - g. Is l a composite number?
False
Let g = -3 - -3. Let j be (-14)/((-8)/4) + g. Suppose 76 = -j*z + 11*z. Is z a prime number?
True
Let p = 71500 - 36439. Let z = p - 19534. Is z a composite number?
False
Suppose -k - 4*k - 23330 = 0. Let i = k - -9479. Is i composite?
False
Let a = 234 - 229. Suppose 5*m = -a*m + 31630. Is m a prime number?
True
Let b(n) = 21*n**2 - 18 - 8*n + n**3 - 16*n + 35. Is b(9) composite?
True
Let n(t) = 5*t + 65. Let a be n(-12). Is 290 - -2 - (-9 - -4)/a composite?
False
Let n(o) = o**3 - 15*o**2 - 22*o + 12. Let s = 60 + -40. Let u be n(s). Suppose 3*p + 4*q - 6143 = 0, -3*q - u = -p + 467. Is p a composite number?
True
Suppose -318*y = -642*y + 322*y + 723998. Is y prime?
False
Let y(a) = -6*a**3 - 4*a**2 + 5*a + 7. Let k be y(-3). Suppose -k = -12*j - 46. Is j a composite number?
True
Let j(a) = -a**3 + 3*a**2 + 4*a - 9. Let i be j(2). Suppose 12*y = i*y + 67509. Is y prime?
False
Suppose -187*o + 11895977 - 341055 + 1131719 = 0. Is o composite?
False
Let a(l) = -5*l**2 - 55*l + 8. Suppose 12 - 3 = 2*j + 3*v, -29 = 3*j - 4*v. Let w(k) = -5*k**2 - 55*k + 6. Let b(z) = j*w(z) + 2*a(z). Is b(-19) a prime number?
False
Let f be (-2)/(-1) - -4*42/12. Is (-1)/(-4) + ((-10380)/f)/(-1) composite?
True
Suppose -l + 18507 = 8*h - 3*h, -5*l - 5*h = -92495. Is l composite?
True
Suppose 47*y + 7245 = 114969. Let s = y - -1059. Is s a composite number?
True
Let k(u) = 3*u**2 + 3*u - 3. Let i = -14 + 12. Let t be k(i). Let r(b) = 25*b**3 - 4*b**2 - 3*b + 5. Is r(t) a prime number?
False
Let n be ((-9)/(-12))/((-3)/(-9532)). Suppose 3*o = -44 - 4132.